)/k)*-1. Calculate p(b).
-6
Let w(z) = 7*z + 7. Let y(i) = 9 + 2 - 2*i + 12*i. Suppose -4*b - 21 = -b. Let f(o) = b*w(o) + 5*y(o). Calculate f(-5).
1
Let u = -308 + 314. Let v(w) = w**2 - 8*w + 8. Determine v(u).
-4
Suppose 3*i - 1 = -q - 0*i, 3*i - 25 = 2*q. Let o be ((-4)/q)/((-4)/(-16)). Let d(c) = -4 + 29*c**3 + 5 - o*c - 30*c**3 - 6*c**2 - 5. Give d(-6).
8
Let c(g) be the third derivative of g**6/120 - g**4/24 - 16*g**3/3 - 2*g**2 + 4*g. Determine c(0).
-32
Let s(z) = 110*z + 10. Let q(c) = -14*c. Let b(k) = 8*q(k) + s(k). Calculate b(5).
0
Let m(p) be the second derivative of -9/2*p**2 + 0 + 9*p - 1/6*p**3. Let d(w) = -10. Let h(t) = 3*d(t) - 4*m(t). Determine h(-5).
-14
Suppose 4*n + 0*n + 3*t = 5, 2*t = -2. Suppose 15 = -165*o + 170*o. Let g(x) = -x**3 + x**n + 3*x + x**2 + 3 - o*x**2 + 0*x**3. What is g(-2)?
1
Let s(r) = 30948 + 2*r - 6*r - 30943. Calculate s(4).
-11
Let p(v) = v**2 + 7*v + 6. Let z = -16 + 28. Suppose 0 = -i - 5*h - z, 4*i = h - 2*h - 29. What is p(i)?
6
Let h(u) be the second derivative of -5*u**3/6 - 3*u**2 + 6*u + 17. Let n(q) = -2*q + 12. Let f be n(8). What is h(f)?
14
Let r = 1292 + -1298. Let o(w) = w**2 - 2*w - 8. What is o(r)?
40
Suppose 10 = -8*b + 13*b. Let o = b + -7. Let r(q) = q**3 + 4*q**2 - 5*q + 2. Calculate r(o).
2
Let c(d) be the third derivative of -2*d**2 - 2/3*d**3 + 1/60*d**5 + 1/4*d**4 + 0*d + 0. Let r be c(-6). Let z(i) = -i + 2. Determine z(r).
6
Let x(t) = 4*t**3 + 4*t + 1. Let r(j) = -j. Let z = 46 + -45. Let v(b) = z*x(b) + 5*r(b). Determine v(1).
4
Let l(x) = 7. Let s(v) be the first derivative of -v**2/2 + 1. Let c(z) = -l(z) + 2*s(z). Suppose -5*n + 20 = 0, -2*n + 5*n + 23 = -5*j. What is c(j)?
7
Let p(s) be the third derivative of s**4/24 + 13*s**3/6 + 2*s**2 - 109*s. What is p(-9)?
4
Let f = 688 - 675. Let u(r) = r**3 - 12*r**2 - 13*r + 3. What is u(f)?
3
Let g(m) be the third derivative of 0*m + 3*m**2 + 7/6*m**3 + 0 - 1/24*m**4. Give g(-5).
12
Let g(y) = -y**2 - 5*y - 1. Suppose -3*b - 112 = n, b - 2*n + 88 = -b. Let j = b + 34. Determine g(j).
-1
Let w(p) = -3*p + 2. Let f be 912/32 - 6/(-4). Suppose r + 5*c = -7, r + 12 = 2*c - f. Let n = 30 + r. Determine w(n).
8
Let r be ((-2)/(-4))/((-3)/(-30)). Let s(b) be the second derivative of -2*b**2 - 1/12*b**4 - 15*b + 1/2*b**3 + 0. Give s(r).
-14
Let z(l) = l**2 - 1. Let t(y) = 6*y**2 - 6. Let i(u) = -t(u) + 5*z(u). Let r(n) = -17. Let k(b) = -17*i(b) - r(b). Calculate k(1).
17
Suppose 0 = 4*f - 3*m, m - 4 = -0. Let y(p) = 4*p**3 + p**3 + 5 + 0*p**f - 6*p**3 + 7*p**2 - 8*p. Let w = 19 - 13. What is y(w)?
-7
Let t(g) = g - 1. Let c be t(4). Suppose 4*w + c = w. Let s(j) = -3*j**2 + j. What is s(w)?
-4
Let w(z) = 302 + z - 602 + 300. Give w(8).
8
Let l(i) be the third derivative of -11*i**4/24 - i**3/3 + 264*i**2. Determine l(5).
-57
Let x = -76 + 76. Suppose -2*k + 7*k - 70 = x. Let i(n) = -n + 16. Give i(k).
2
Let n(t) = -6*t**2 - 8*t - 11. Let r(q) = 5*q**2 + 4*q + 7*q - 3*q + 10. Let i(v) = -4*n(v) - 5*r(v). Give i(-6).
6
Let g(w) be the first derivative of -w**6/360 + w**5/24 + w**4/3 + 11*w**3/3 - 16. Let v(q) be the third derivative of g(q). What is v(6)?
2
Let p(m) = -6*m**3 + 14*m**3 + 9 + 10*m**2 - 8*m - 10*m**3 - 1 - 3*m**2. What is p(4)?
-40
Let d(l) = -l**2 + 7*l - 2. Suppose 88*h + 14 = 90*h. Give d(h).
-2
Let g(u) = -u**2 - 2*u - 2. Let m = 335 + -338. Determine g(m).
-5
Let l(q) = 2*q**2 - 5*q - 2. Let z(a) = 3*a**2 + 7*a - 5. Let s(d) = -d**2 - 3*d + 2. Let j(n) = -5*s(n) - 2*z(n). Let y(t) = -3*j(t) - l(t). Calculate y(-3).
5
Let z(g) be the first derivative of g - 1/2*g**2 - 7/3*g**3 + 1/4*g**4 - 18. Give z(7).
-6
Let l(h) = 3*h**3 + 0*h**3 + 0 - 10*h**3 + 8*h**3 + 2 + 3*h**2. Determine l(-2).
6
Let v(w) = 5*w**2 - 3*w - 3. Let g = -1487 - -1484. Determine v(g).
51
Let z(k) = -k + 19. Let g be z(23). Let q(n) = -3*n - 5. Let f(w) = 1 - 3 + 4 + w. Let u(a) = -5*f(a) - 2*q(a). What is u(g)?
-4
Let q = 19 + -13. Let k(d) = -15*d + 2. Let a(f) = -19*f + 3. Let z(t) = -4*a(t) + 5*k(t). Calculate z(q).
4
Let m(u) = u**2 - 2. Let c be m(-3). Let i(f) be the third derivative of -f**4/12 + 7*f**3/6 + 34*f**2. Calculate i(c).
-7
Let r = -35 - -29. Let x(n) = n**3 + 5*n**2 - 3*n + 4. Calculate x(r).
-14
Let d(p) = -p**3 + 7*p**2 + 11*p - 10. Suppose 3*l - 20 = l + 2*y, -4*y - 28 = -3*l. Let r be ((-2)/7)/(l/(-336)). What is d(r)?
14
Let w = 84 - 89. Let a(u) = u**3 + 6*u**2 + 4*u - 10. Let j be a(w). Let h(i) = i**2 + 4*i - 2. Determine h(j).
3
Suppose 2*l + y = -0 - 13, -3*l - 17 = -y. Let o = l - -3. Let v(m) be the third derivative of -m**5/60 + m**3/6 + 17*m**2 + m. Calculate v(o).
-8
Let y = 6412/3 + -2137. Let d(t) be the first derivative of -y*t**3 + 1/4*t**4 - 8 + t - 1/2*t**2. Determine d(1).
0
Let w(y) be the third derivative of y**6/120 + y**5/5 + 7*y**4/6 + y**3/2 + 39*y**2 + 2*y. What is w(-9)?
-6
Let h(f) be the third derivative of f**5/20 - f**4/12 + f**3/3 - 103*f**2. Determine h(1).
3
Let g(i) = -2*i + 6*i**3 - 680 - 3*i**2 + 678 - 5*i**3. Give g(3).
-8
Suppose -5*b = -k + 2, -b = -3*b + 2*k + 4. Let o(g) = -g + 3. Let r(a) = -1. Let y(j) = b*o(j) - 2*r(j). Let c = 8 - 11. Calculate y(c).
-4
Let a(c) = -2*c**3 + 9*c**2 + 7*c + 17. Let h(l) = l**3 - 4*l**2 - 3*l - 8. Let d(b) = 3*a(b) + 7*h(b). Give d(2).
-1
Let a(h) = 2*h**2 + 19*h + 5. Suppose 0 = -58*s - 635 + 171. Give a(s).
-19
Let d(t) = 3*t**3 + 6*t**2 + 6*t - 6. Let f(l) = 3*l**3 + 5*l**2 + 5*l - 5. Let b(v) = -5*d(v) + 6*f(v). Let i be 772/193 + (-6)/2. Give b(i).
3
Suppose 2*o = 4*c + 19 - 45, 3*c + 3 = -3*o. Let t(m) = 12*m + 16*m + 16*m + 1 - 56*m + 10*m. Determine t(c).
-7
Suppose f - 160 = -5*v - 0*f, -v - f = -28. Suppose -29*p - 8 = -v*p. Let c(h) = h + h**3 - 2 + 1 - 2*h**p + 0*h + 0*h**3. What is c(2)?
1
Let y = -26 - -16. Let f = y + 3. Let g(o) = 2*o + 12. Let v be g(f). Let k(z) = z**2 + z + 2. Determine k(v).
4
Let s(n) = -2*n - 1. Let m = 129 + -133. Calculate s(m).
7
Let b(s) = s**2 + s - 1. Let y = -34 - -37. Let o be 0/(y*(-2)/3). Give b(o).
-1
Let u(g) = -g + 1. Let w(q) = -1. Let p(i) = 3*u(i) + w(i). What is p(-8)?
26
Let o(g) = 11*g**2 + 0*g**2 - g**2 + 5 - g - g**2 - g**3. Let z be o(9). Let q(j) = -4*j + 1 + 0*j**2 + 1 - j**2. Determine q(z).
2
Let a(k) = -k**2 - 4. Let r(s) = -s**2 - s - 3. Let g(t) = 4*a(t) - 6*r(t). Let b be 12/(-66) + (-75)/11 + 3. Give g(b).
10
Let x be (39/(-26))/(1/(-6)). Let v = 12 - x. Suppose -2*y = -v + 11. Let i(h) = h**2 + 2*h - 2. What is i(y)?
6
Let i(l) = -3 + 10*l - 17*l + 6*l. Give i(-5).
2
Let i(a) = -2*a**2 - a. Let d(t) = -3*t**2 + 18*t + 67 - 24 + 4*t**2. Let j be d(-15). What is i(j)?
-6
Suppose 2*k + 0 = 6. Let p(f) be the second derivative of f**4/6 - 2*f**3/3 - f**2/2 + 17*f. Give p(k).
5
Let w(y) = y**3 - 13*y**2 + 15*y - 14. Let s(t) = -t**2 + 9*t - 8. Let d be s(5). Let c be w(d). Let f = -23 + c. Let u(a) = 3*a**3 + 2*a + 1. Give u(f).
-4
Let m(u) = u + 29. Suppose 0 = -i - 38 + 14. Let j be m(i). Let o(h) = -h**2 + 6*h + 4. Give o(j).
9
Let c(s) = 7*s + 104. Let n be c(-14). Let r(t) be the first derivative of -1/4*t**4 + t**2 - n*t - 11 + t**3. What is r(4)?
-14
Let q(k) = -k**3 - 8*k**2 - 3*k - 8. Let x = -1407 + 1399. Determine q(x).
16
Suppose -c = 3*l + 2*c - 30, 0 = -4*l + c + 20. Suppose 0 = 3*f - 3*j - l, f = 4*j - 7*j - 10. Let m(t) = -2*t**3. Determine m(f).
2
Let f(j) = -11*j + 10. Let v(l) = 2*l - 2. Let k(z) = f(z) + 4*v(z). Determine k(-3).
11
Let g(q) = q**3 - 9*q**2 + 8*q - 2. Let n be g(8). Let s(u) = -15*u + 43. Let z(p) = -8*p + 26. Let v(f) = 6*s(f) - 10*z(f). Calculate v(n).
18
Let j be 1*(-3*4 - (-10 + 5)). Let h(r) = -r**3 - 5*r**2 + 11*r + 6. What is h(j)?
27
Let m(k) = 3*k**2 - 35*k + 20. Let w(z) = 2*z**2 - 23*z + 13. Let l = 78 + -83. Let j(g) = l*m(g) + 8*w(g). Calculate j(8).
-4
Let k(y) = 4*y**2 - 1. Suppose -2 = 4*d - 2*d, 4*w - 3*d - 3 = 0. Let l = w - -14. Let u be l/(-42) + (-4)/6. Give k(u).
3
Let n be ((-4)/14)/(4/(-28)). Let y(j) = 3*j - 4. Let k(m) = -15*m + 21. Let a(c) = 4*k(c) + 21*y(c). Give a(n).
6
Let y(v) be the second derivative of -2/3*v**3 - 6*v - 5/2*v**2 + 1/12*v**4 + 0. Suppose -7*g + 2*g = -30. Determine y(g).
7
Suppose -14 = -8*x + x. Suppose -3*r - 3*j + 1 = -4*j, j = x*r - 2. Let y(q) = 15*q**3 - q**2 + q + 1. What is y(r)?
-